{"id":2,"date":"2023-12-13T22:49:34","date_gmt":"2023-12-13T21:49:34","guid":{"rendered":"http:\/\/forageshalle.fr\/?page_id=2"},"modified":"2025-02-15T12:31:48","modified_gmt":"2025-02-15T11:31:48","slug":"page-d-exemple","status":"publish","type":"page","link":"https:\/\/forageshalle.fr\/index.php\/page-d-exemple\/","title":{"rendered":"A propos de FHE"},"content":{"rendered":"\n<p><\/p>\n\n\n\n<blockquote class=\"wp-block-quote is-layout-flow wp-block-quote-is-layout-flow\">\n<p>FHE est n\u00e9e de la rencontre fortuite, non loin du vieux port de Nice, de votre serviteur, le capitaine au long cours Damien Hall\u00e9, et de deux entrepreneurs-aventuriers Belges : Claude et Laurent. Tous deux travaillent en leur beau et plat pays dans l&#8217;hydrocurage et la gestion des d\u00e9chets.<\/p>\n\n\n\n<p>En d\u00e9cembre 2023, FHE est officiellement mise \u00e0 l&#8217;eau ! Le poids lourd 19 tonnes est acquis sous les embruns de bretagne, son armement a lieu sous la neige des Flandres en janvier et une machine EMCI 7.50 flambant neuve est embarqu\u00e9e \u00e0 l&#8217;escale \u00e0 Lyon. Le premier mouillage des tari\u00e8res est r\u00e9alis\u00e9 le 05 f\u00e9vrier \u00e0 Nice : retour en m\u00e9diterran\u00e9e, la boucle est boucl\u00e9e. Mais l&#8217;aventure ne fait que commencer&#8230;<\/p>\n<\/blockquote>\n\n\n\n<figure class=\"wp-block-gallery has-nested-images columns-default is-cropped wp-block-gallery-1 is-layout-flex wp-block-gallery-is-layout-flex\">\n<figure class=\"wp-block-image size-large\"><img loading=\"lazy\" decoding=\"async\" width=\"1024\" height=\"768\" data-id=\"70\" src=\"https:\/\/forageshalle.fr\/wp-content\/uploads\/2025\/02\/IMG_20230215_142854-1024x768.jpg\" alt=\"\" class=\"wp-image-70\" srcset=\"https:\/\/forageshalle.fr\/wp-content\/uploads\/2025\/02\/IMG_20230215_142854-1024x768.jpg 1024w, https:\/\/forageshalle.fr\/wp-content\/uploads\/2025\/02\/IMG_20230215_142854-300x225.jpg 300w, https:\/\/forageshalle.fr\/wp-content\/uploads\/2025\/02\/IMG_20230215_142854-768x576.jpg 768w, https:\/\/forageshalle.fr\/wp-content\/uploads\/2025\/02\/IMG_20230215_142854-1536x1152.jpg 1536w, https:\/\/forageshalle.fr\/wp-content\/uploads\/2025\/02\/IMG_20230215_142854-2048x1536.jpg 2048w\" sizes=\"auto, (max-width: 1024px) 100vw, 1024px\" \/><figcaption class=\"wp-element-caption\">Claude<\/figcaption><\/figure>\n\n\n\n<figure class=\"wp-block-image size-large\"><img loading=\"lazy\" decoding=\"async\" width=\"1024\" height=\"768\" data-id=\"76\" src=\"https:\/\/forageshalle.fr\/wp-content\/uploads\/2025\/02\/IMG_0591-1-1024x768.jpeg\" alt=\"\" class=\"wp-image-76\" srcset=\"https:\/\/forageshalle.fr\/wp-content\/uploads\/2025\/02\/IMG_0591-1-1024x768.jpeg 1024w, https:\/\/forageshalle.fr\/wp-content\/uploads\/2025\/02\/IMG_0591-1-300x225.jpeg 300w, https:\/\/forageshalle.fr\/wp-content\/uploads\/2025\/02\/IMG_0591-1-768x576.jpeg 768w, https:\/\/forageshalle.fr\/wp-content\/uploads\/2025\/02\/IMG_0591-1-1536x1152.jpeg 1536w, https:\/\/forageshalle.fr\/wp-content\/uploads\/2025\/02\/IMG_0591-1-2048x1536.jpeg 2048w\" sizes=\"auto, (max-width: 1024px) 100vw, 1024px\" \/><figcaption class=\"wp-element-caption\">Laurent<\/figcaption><\/figure>\n\n\n\n<figure class=\"wp-block-image size-large\"><img loading=\"lazy\" decoding=\"async\" width=\"1024\" height=\"768\" data-id=\"72\" src=\"https:\/\/forageshalle.fr\/wp-content\/uploads\/2025\/02\/IMG_E0859-1024x768.jpg\" alt=\"\" class=\"wp-image-72\" srcset=\"https:\/\/forageshalle.fr\/wp-content\/uploads\/2025\/02\/IMG_E0859-1024x768.jpg 1024w, https:\/\/forageshalle.fr\/wp-content\/uploads\/2025\/02\/IMG_E0859-300x225.jpg 300w, https:\/\/forageshalle.fr\/wp-content\/uploads\/2025\/02\/IMG_E0859-768x576.jpg 768w, https:\/\/forageshalle.fr\/wp-content\/uploads\/2025\/02\/IMG_E0859-1536x1152.jpg 1536w, https:\/\/forageshalle.fr\/wp-content\/uploads\/2025\/02\/IMG_E0859-2048x1536.jpg 2048w\" sizes=\"auto, (max-width: 1024px) 100vw, 1024px\" \/><figcaption class=\"wp-element-caption\">Damien Hall\u00e9<\/figcaption><\/figure>\n<\/figure>\n\n\n\n<p><strong>A propos de Damien Hall\u00e9<\/strong> :<\/p>\n\n\n\n<blockquote class=\"wp-block-quote is-layout-flow wp-block-quote-is-layout-flow\">\n<p>Fondateur, avec Laurent et Claude, de l&#8217;entreprise Forages Hall\u00e9 Environnement, Damien assure au quotidien le routage du vaisseau FHE, skippe le poids lourds et tiens la barre de la machine de forage.<\/p>\n\n\n\n<p>Damien \u00e0 une formation d&#8217;Ing\u00e9nieur en a\u00e9ronautique (Sup&#8217;A\u00e9ro 2003), milieu industriel o\u00f9 il a pataug\u00e9 pendant 5 ans de Bordeaux \u00e0 Madrid en passant par Londres et Marseille. Il a \u00e9galement navigu\u00e9 dans les eaux troubles de l&#8217;humanitaire, \u00e0 l&#8217;ONU et en ONG. Apr\u00e8s une pause de r\u00e9flexion et un long p\u00e9riple d&#8217;un an en voilier de l&#8217;Irlande \u00e0 l&#8217;Erythr\u00e9e, il se reconverti dans l&#8217;environnement \u00e0 la naissance de son premier enfant en 2012.<\/p>\n\n\n\n<p>Chef de projet SSP chez ICF puis ANTEA Group pendant 8 ans, la crise du COVID l&#8217;a d\u00e9cid\u00e9 \u00e0 larguer les amarres \u00e0 nouveau et hisser le pavillon de l&#8217;ing\u00e9nierie Free-Lance : d&#8217;abord en support aux BE environnement, pour tout type de mission LNE au long cours comme en cabotage, puis dans le forage, par gout du d\u00e9fi, de l&#8217;effort physique et des grands espaces! Qui ne sont parfois pas si vaste&#8230; voire confin\u00e9s \ud83d\ude09<\/p>\n\n\n\n<figure class=\"wp-block-gallery has-nested-images columns-default is-cropped wp-block-gallery-2 is-layout-flex wp-block-gallery-is-layout-flex\">\n<figure class=\"wp-block-image size-large\"><img loading=\"lazy\" decoding=\"async\" width=\"768\" height=\"1024\" data-id=\"22\" src=\"https:\/\/forageshalle.fr\/wp-content\/uploads\/2024\/10\/DQBT8194-768x1024.jpg\" alt=\"\" class=\"wp-image-22\" srcset=\"https:\/\/forageshalle.fr\/wp-content\/uploads\/2024\/10\/DQBT8194-768x1024.jpg 768w, https:\/\/forageshalle.fr\/wp-content\/uploads\/2024\/10\/DQBT8194-225x300.jpg 225w, https:\/\/forageshalle.fr\/wp-content\/uploads\/2024\/10\/DQBT8194-1152x1536.jpg 1152w, https:\/\/forageshalle.fr\/wp-content\/uploads\/2024\/10\/DQBT8194.jpg 1200w\" sizes=\"auto, (max-width: 768px) 100vw, 768px\" \/><\/figure>\n\n\n\n<figure class=\"wp-block-image size-large\"><img loading=\"lazy\" decoding=\"async\" width=\"1024\" height=\"768\" data-id=\"78\" src=\"https:\/\/forageshalle.fr\/wp-content\/uploads\/2025\/02\/IMG_6933-1024x768.jpg\" alt=\"\" class=\"wp-image-78\" srcset=\"https:\/\/forageshalle.fr\/wp-content\/uploads\/2025\/02\/IMG_6933-1024x768.jpg 1024w, https:\/\/forageshalle.fr\/wp-content\/uploads\/2025\/02\/IMG_6933-300x225.jpg 300w, https:\/\/forageshalle.fr\/wp-content\/uploads\/2025\/02\/IMG_6933-768x576.jpg 768w, https:\/\/forageshalle.fr\/wp-content\/uploads\/2025\/02\/IMG_6933-1536x1152.jpg 1536w, https:\/\/forageshalle.fr\/wp-content\/uploads\/2025\/02\/IMG_6933-2048x1536.jpg 2048w\" sizes=\"auto, (max-width: 1024px) 100vw, 1024px\" \/><\/figure>\n\n\n\n<figure class=\"wp-block-image size-large\"><img loading=\"lazy\" decoding=\"async\" width=\"615\" height=\"1024\" data-id=\"79\" src=\"https:\/\/forageshalle.fr\/wp-content\/uploads\/2025\/02\/CECIE8468-615x1024.jpg\" alt=\"\" class=\"wp-image-79\" srcset=\"https:\/\/forageshalle.fr\/wp-content\/uploads\/2025\/02\/CECIE8468-615x1024.jpg 615w, https:\/\/forageshalle.fr\/wp-content\/uploads\/2025\/02\/CECIE8468-180x300.jpg 180w, https:\/\/forageshalle.fr\/wp-content\/uploads\/2025\/02\/CECIE8468-768x1279.jpg 768w, https:\/\/forageshalle.fr\/wp-content\/uploads\/2025\/02\/CECIE8468-922x1536.jpg 922w, https:\/\/forageshalle.fr\/wp-content\/uploads\/2025\/02\/CECIE8468-1230x2048.jpg 1230w, https:\/\/forageshalle.fr\/wp-content\/uploads\/2025\/02\/CECIE8468-scaled.jpg 1537w\" sizes=\"auto, (max-width: 615px) 100vw, 615px\" \/><\/figure>\n<\/figure>\n<\/blockquote>\n\n\n\n<h2 class=\"wp-block-heading\">Coordonn\u00e9es :<\/h2>\n\n\n\n<p>La soci\u00e9t\u00e9 FHE est amarr\u00e9e \u00e0 Puyloubier (13114), \u00e0 15 minutes d&#8217;Aix en Provence.<\/p>\n\n\n\n<p>Vous pouvez nous contacter via :<\/p>\n\n\n\n<p>mail : <strong>contact@forageshalle.fr<\/strong> <\/p>\n\n\n\n<p>tel :  <strong>06 16 67 08 65<\/strong><\/p>\n\n\n\n<p><\/p>\n","protected":false},"excerpt":{"rendered":"<p>FHE est n\u00e9e de la rencontre fortuite, non loin du vieux port de Nice, de votre serviteur, le capitaine au long cours Damien Hall\u00e9, et de deux entrepreneurs-aventuriers Belges : Claude et Laurent. Tous deux travaillent en leur beau et plat pays dans l&#8217;hydrocurage et la gestion des d\u00e9chets. En d\u00e9cembre 2023, FHE est officiellement [&hellip;]<\/p>\n","protected":false},"author":1,"featured_media":8,"parent":0,"menu_order":0,"comment_status":"closed","ping_status":"open","template":"","meta":{"footnotes":""},"class_list":["post-2","page","type-page","status-publish","has-post-thumbnail","hentry"],"_links":{"self":[{"href":"https:\/\/forageshalle.fr\/index.php\/wp-json\/wp\/v2\/pages\/2","targetHints":{"allow":["GET"]}}],"collection":[{"href":"https:\/\/forageshalle.fr\/index.php\/wp-json\/wp\/v2\/pages"}],"about":[{"href":"https:\/\/forageshalle.fr\/index.php\/wp-json\/wp\/v2\/types\/page"}],"author":[{"embeddable":true,"href":"https:\/\/forageshalle.fr\/index.php\/wp-json\/wp\/v2\/users\/1"}],"replies":[{"embeddable":true,"href":"https:\/\/forageshalle.fr\/index.php\/wp-json\/wp\/v2\/comments?post=2"}],"version-history":[{"count":11,"href":"https:\/\/forageshalle.fr\/index.php\/wp-json\/wp\/v2\/pages\/2\/revisions"}],"predecessor-version":[{"id":145,"href":"https:\/\/forageshalle.fr\/index.php\/wp-json\/wp\/v2\/pages\/2\/revisions\/145"}],"wp:featuredmedia":[{"embeddable":true,"href":"https:\/\/forageshalle.fr\/index.php\/wp-json\/wp\/v2\/media\/8"}],"wp:attachment":[{"href":"https:\/\/forageshalle.fr\/index.php\/wp-json\/wp\/v2\/media?parent=2"}],"curies":[{"name":"wp","href":"https:\/\/api.w.org\/{rel}","templated":true}]}}